{"id":164,"date":"2023-10-24T03:31:49","date_gmt":"2023-10-24T09:31:49","guid":{"rendered":"https:\/\/femumex.org\/?page_id=164"},"modified":"2023-10-24T03:33:03","modified_gmt":"2023-10-24T09:33:03","slug":"semblanza","status":"publish","type":"page","link":"https:\/\/femumex.org\/es\/semblanza\/","title":{"rendered":"Semblanza"},"content":{"rendered":"\n<div style=\"height:10px\" aria-hidden=\"true\" class=\"wp-block-spacer\"><\/div>\n\n\n\n<h2 class=\"wp-block-heading has-text-align-center\">Semblanza<\/h2>\n\n\n\n<hr class=\"wp-block-separator has-text-color has-ast-global-color-1-color has-alpha-channel-opacity has-ast-global-color-1-background-color has-background is-style-wide\"\/>\n\n\n\n<div style=\"height:20px\" aria-hidden=\"true\" class=\"wp-block-spacer\"><\/div>\n\n\n\n<h3 class=\"wp-block-heading has-ast-global-color-0-color has-text-color\">Mujeres a la tribuna<\/h3>\n\n\n\n<p>Coordinado por la Dra. Patricia Galeana y conducido por la Dra. Gloria Luz Alejandre, todos los jueves de 12:00 a 13:00 h.<\/p>\n\n\n\n<p>La Federaci\u00f3n Mexicana de Universitarias, A.C., es la primera Organizaci\u00f3n de la Sociedad Civil que inicia un programa en&nbsp;<a href=\"https:\/\/www.imer.mx\/ciudadana660\/\" data-type=\"link\" data-id=\"https:\/\/www.imer.mx\/ciudadana660\/\" target=\"_blank\" rel=\"noreferrer noopener\">Ciudadana&nbsp;(660 AM)<\/a> del Instituto Mexicano de la Radio (IMER)<\/p>\n\n\n\n<p>Tel\u00e9fonos en cabina Lada sin costo: 55 5604 7926, 55 5604 8229 y 01 800 670 1680<\/p>\n\n\n\n<p>Haz click <a href=\"https:\/\/www.mixcloud.com\/MujeresalaTribuna\/\" data-type=\"link\" data-id=\"https:\/\/www.mixcloud.com\/MujeresalaTribuna\/\" target=\"_blank\" rel=\"noreferrer noopener\">aqu\u00ed<\/a> para escuchar nuestros primeros programas y la nueva temporada se encuentra en el siguiente <a href=\"https:\/\/open.spotify.com\/show\/4IsgbC52VJGyaxE8rP0Dvc\" data-type=\"link\" data-id=\"https:\/\/open.spotify.com\/show\/4IsgbC52VJGyaxE8rP0Dvc\" target=\"_blank\" rel=\"noreferrer noopener\">enlace.<\/a><\/p>\n\n\n\n<div class=\"wp-block-columns is-layout-flex wp-container-core-columns-is-layout-a5331a9e wp-block-columns-is-layout-flex\" style=\"padding-top:0;padding-right:0;padding-bottom:0;padding-left:0\">\n<div class=\"wp-block-column is-layout-flow wp-block-column-is-layout-flow\">\n<figure class=\"wp-block-image aligncenter size-full\"><img loading=\"lazy\" decoding=\"async\" width=\"300\" height=\"188\" src=\"https:\/\/femumex.org\/wp-content\/uploads\/2023\/10\/Radio-Mujeres-Tribuna.jpg\" alt=\"\" class=\"wp-image-167\"\/><\/figure>\n<\/div>\n\n\n\n<div class=\"wp-block-column is-layout-flow wp-block-column-is-layout-flow\">\n<div style=\"height:30px\" aria-hidden=\"true\" class=\"wp-block-spacer\"><\/div>\n\n\n\n<p>Para FEMU es muy importante poder contar con su participaci\u00f3n, por lo que pedimos su colaboraci\u00f3n para difundir las tem\u00e1ticas del programa e invitar a su comunidad a escucharlo.<\/p>\n<\/div>\n<\/div>\n\n\n\n<div style=\"height:30px\" aria-hidden=\"true\" class=\"wp-block-spacer\"><\/div>\n","protected":false},"excerpt":{"rendered":"<p>Semblanza Mujeres a la tribuna Coordinado por la Dra. Patricia Galeana y conducido por la Dra. Gloria Luz Alejandre, todos los jueves de 12:00 a 13:00 h. La Federaci\u00f3n Mexicana de Universitarias, A.C., es la primera Organizaci\u00f3n de la Sociedad Civil que inicia un programa en&nbsp;Ciudadana&nbsp;(660 AM) del Instituto Mexicano de la Radio (IMER) Tel\u00e9fonos [&hellip;]<\/p>\n","protected":false},"author":1,"featured_media":0,"parent":0,"menu_order":0,"comment_status":"closed","ping_status":"closed","template":"","meta":{"_uag_custom_page_level_css":"","site-sidebar-layout":"default","site-content-layout":"","ast-site-content-layout":"default","site-content-style":"default","site-sidebar-style":"default","ast-global-header-display":"","ast-banner-title-visibility":"","ast-main-header-display":"","ast-hfb-above-header-display":"","ast-hfb-below-header-display":"","ast-hfb-mobile-header-display":"","site-post-title":"","ast-breadcrumbs-content":"","ast-featured-img":"","footer-sml-layout":"","ast-disable-related-posts":"","theme-transparent-header-meta":"","adv-header-id-meta":"","stick-header-meta":"","header-above-stick-meta":"","header-main-stick-meta":"","header-below-stick-meta":"","astra-migrate-meta-layouts":"default","ast-page-background-enabled":"default","ast-page-background-meta":{"desktop":{"background-color":"var(--ast-global-color-4)","background-image":"","background-repeat":"repeat","background-position":"center center","background-size":"auto","background-attachment":"scroll","background-type":"","background-media":"","overlay-type":"","overlay-color":"","overlay-opacity":"","overlay-gradient":""},"tablet":{"background-color":"","background-image":"","background-repeat":"repeat","background-position":"center center","background-size":"auto","background-attachment":"scroll","background-type":"","background-media":"","overlay-type":"","overlay-color":"","overlay-opacity":"","overlay-gradient":""},"mobile":{"background-color":"","background-image":"","background-repeat":"repeat","background-position":"center center","background-size":"auto","background-attachment":"scroll","background-type":"","background-media":"","overlay-type":"","overlay-color":"","overlay-opacity":"","overlay-gradient":""}},"ast-content-background-meta":{"desktop":{"background-color":"var(--ast-global-color-5)","background-image":"","background-repeat":"repeat","background-position":"center center","background-size":"auto","background-attachment":"scroll","background-type":"","background-media":"","overlay-type":"","overlay-color":"","overlay-opacity":"","overlay-gradient":""},"tablet":{"background-color":"var(--ast-global-color-5)","background-image":"","background-repeat":"repeat","background-position":"center center","background-size":"auto","background-attachment":"scroll","background-type":"","background-media":"","overlay-type":"","overlay-color":"","overlay-opacity":"","overlay-gradient":""},"mobile":{"background-color":"var(--ast-global-color-5)","background-image":"","background-repeat":"repeat","background-position":"center center","background-size":"auto","background-attachment":"scroll","background-type":"","background-media":"","overlay-type":"","overlay-color":"","overlay-opacity":"","overlay-gradient":""}},"footnotes":""},"categories":[],"tags":[],"class_list":["post-164","page","type-page","status-publish","hentry"],"uagb_featured_image_src":{"full":false,"thumbnail":false,"medium":false,"medium_large":false,"large":false,"1536x1536":false,"2048x2048":false,"trp-custom-language-flag":false},"uagb_author_info":{"display_name":"Federacion Mexicana de Universitarias","author_link":"https:\/\/femumex.org\/es\/author\/mume\/"},"uagb_comment_info":0,"uagb_excerpt":"Semblanza Mujeres a la tribuna Coordinado por la Dra. Patricia Galeana y conducido por la Dra. Gloria Luz Alejandre, todos los jueves de 12:00 a 13:00 h. La Federaci\u00f3n Mexicana de Universitarias, A.C., es la primera Organizaci\u00f3n de la Sociedad Civil que inicia un programa en&nbsp;Ciudadana&nbsp;(660 AM) del Instituto Mexicano de la Radio (IMER) Tel\u00e9fonos&hellip;","_links":{"self":[{"href":"https:\/\/femumex.org\/es\/wp-json\/wp\/v2\/pages\/164","targetHints":{"allow":["GET"]}}],"collection":[{"href":"https:\/\/femumex.org\/es\/wp-json\/wp\/v2\/pages"}],"about":[{"href":"https:\/\/femumex.org\/es\/wp-json\/wp\/v2\/types\/page"}],"author":[{"embeddable":true,"href":"https:\/\/femumex.org\/es\/wp-json\/wp\/v2\/users\/1"}],"replies":[{"embeddable":true,"href":"https:\/\/femumex.org\/es\/wp-json\/wp\/v2\/comments?post=164"}],"version-history":[{"count":5,"href":"https:\/\/femumex.org\/es\/wp-json\/wp\/v2\/pages\/164\/revisions"}],"predecessor-version":[{"id":172,"href":"https:\/\/femumex.org\/es\/wp-json\/wp\/v2\/pages\/164\/revisions\/172"}],"wp:attachment":[{"href":"https:\/\/femumex.org\/es\/wp-json\/wp\/v2\/media?parent=164"}],"wp:term":[{"taxonomy":"category","embeddable":true,"href":"https:\/\/femumex.org\/es\/wp-json\/wp\/v2\/categories?post=164"},{"taxonomy":"post_tag","embeddable":true,"href":"https:\/\/femumex.org\/es\/wp-json\/wp\/v2\/tags?post=164"}],"curies":[{"name":"wp","href":"https:\/\/api.w.org\/{rel}","templated":true}]}}

<div style="height:10px" aria-hidden="true" class="wp-block-spacer"></div>



<h2 class="wp-block-heading has-text-align-center">Semblanza</h2>



<hr class="wp-block-separator has-text-color has-ast-global-color-1-color has-alpha-channel-opacity has-ast-global-color-1-background-color has-background is-style-wide"/>



<div style="height:20px" aria-hidden="true" class="wp-block-spacer"></div>



<h3 class="wp-block-heading has-ast-global-color-0-color has-text-color">Mujeres a la tribuna</h3>



<p>Coordinado por la Dra. Patricia Galeana y conducido por la Dra. Gloria Luz Alejandre, todos los jueves de 12:00 a 13:00 h.</p>



<p>La Federación Mexicana de Universitarias, A.C., es la primera Organización de la Sociedad Civil que inicia un programa en&nbsp;<a href="https://www.imer.mx/ciudadana660/" data-type="link" data-id="https://www.imer.mx/ciudadana660/" target="_blank" rel="noreferrer noopener">Ciudadana&nbsp;(660 AM)</a> del Instituto Mexicano de la Radio (IMER)</p>



<p>Teléfonos en cabina Lada sin costo: 55 5604 7926, 55 5604 8229 y 01 800 670 1680</p>



<p>Haz click <a href="https://www.mixcloud.com/MujeresalaTribuna/" data-type="link" data-id="https://www.mixcloud.com/MujeresalaTribuna/" target="_blank" rel="noreferrer noopener">aquí</a> para escuchar nuestros primeros programas y la nueva temporada se encuentra en el siguiente <a href="https://open.spotify.com/show/4IsgbC52VJGyaxE8rP0Dvc" data-type="link" data-id="https://open.spotify.com/show/4IsgbC52VJGyaxE8rP0Dvc" target="_blank" rel="noreferrer noopener">enlace.</a></p>



<div class="wp-block-columns is-layout-flex wp-container-core-columns-is-layout-a5331a9e wp-block-columns-is-layout-flex" style="padding-top:0;padding-right:0;padding-bottom:0;padding-left:0">
<div class="wp-block-column is-layout-flow wp-block-column-is-layout-flow">
<figure class="wp-block-image aligncenter size-full"><img loading="lazy" decoding="async" width="300" height="188" src="https://femumex.org/wp-content/uploads/2023/10/Radio-Mujeres-Tribuna.jpg" alt="" class="wp-image-167"/></figure>
</div>



<div class="wp-block-column is-layout-flow wp-block-column-is-layout-flow">
<div style="height:30px" aria-hidden="true" class="wp-block-spacer"></div>



<p>Para FEMU es muy importante poder contar con su participación, por lo que pedimos su colaboración para difundir las temáticas del programa e invitar a su comunidad a escucharlo.</p>
</div>
</div>



<div style="height:30px" aria-hidden="true" class="wp-block-spacer"></div>

<p>Semblanza Mujeres a la tribuna Coordinado por la Dra. Patricia Galeana y conducido por la Dra. Gloria Luz Alejandre, todos los jueves de 12:00 a 13:00 h. La Federación Mexicana de Universitarias, A.C., es la primera Organización de la Sociedad Civil que inicia un programa en&nbsp;Ciudadana&nbsp;(660 AM) del Instituto Mexicano de la Radio (IMER) Teléfonos [&hellip;]</p>

Semblanza Mujeres a la tribuna Coordinado por la Dra. Patricia Galeana y conducido por la Dra. Gloria Luz Alejandre, todos los jueves de 12:00 a 13:00 h. La Federación Mexicana de Universitarias, A.C., es la primera Organización de la Sociedad Civil que inicia un programa en&nbsp;Ciudadana&nbsp;(660 AM) del Instituto Mexicano de la Radio (IMER) Teléfonos&hellip;
